{"id":36,"date":"2014-10-26T14:10:10","date_gmt":"2014-10-26T13:10:10","guid":{"rendered":"http:\/\/livebusiness.se\/?page_id=36"},"modified":"2024-05-27T08:23:48","modified_gmt":"2024-05-27T06:23:48","slug":"live-business-media-group-sweden-ab","status":"publish","type":"page","link":"https:\/\/livebusiness.se\/","title":{"rendered":"Live Business Media Group Sweden AB"},"content":{"rendered":"<p><strong>V\u00e5r aff\u00e4rsid\u00e9 \u00e4r att skapa v\u00e4rden och nya marknader med fysiska och digitala m\u00f6tesplatser<\/strong><\/p>\n<p>Vi skapar m\u00f6jligheter f\u00f6r kunder, kunders kunder och partners att tr\u00e4ffas, skapa och bygga relationer och g\u00f6ra bra aff\u00e4rer. Fysiskt i form av m\u00e4ssor, expos och events samt digitala portaler och kanaler som knyter samman akt\u00f6rerna.<\/p>\n<p>V\u00e5r m\u00e5ls\u00e4ttning \u00e4r att vara marknadsledande inom de aff\u00e4rsomr\u00e5den vi \u00e4r verksamma inom och serva v\u00e5ra kunder b\u00e4ttre \u00e4n n\u00e5gon annan. Genom att vara lyh\u00f6rda och kreativa skapar vi l\u00f6nsamma m\u00f6tesplatser och \u00e4r relevanta och betydelsefulla f\u00f6r de kunder som v\u00e4ljer oss.<\/p>\n<p><strong>Ungt f\u00f6retag med tradition och kunskap <b>\u2013 f\u00f6rst\u00e4rkt av erfaren m\u00e4ssarrang\u00f6r<\/b><\/strong><\/p>\n<p>Vi har erfarenhet av att arbeta med m\u00e4ssor sedan b\u00f6rjan av 90-talet och har varit verksamma i v\u00e4lk\u00e4nda f\u00f6retag i m\u00e4ssbranschen som Sydexpo Blenheim, Miller Freeman och Malm\u00f6M\u00e4ssan och har arrangerat m\u00e4ssor p\u00e5 de flesta st\u00f6rre m\u00e4ssanl\u00e4ggningarna i Norden. Med ny \u00e4gare av bolaget sedan februari 2024 \u00e4r vi en del av Elmia AB, som med 60 \u00e5rs erfarenhet av m\u00e4ssor och m\u00f6ten ger nya m\u00f6jligheter till fortsatt utveckling.<\/p>\n<p>\u00a0<\/p>\n\n\n<figure class=\"wp-block-image size-full is-resized\"><a href=\"http:\/\/livebusiness.se\/wp-content\/uploads\/2017\/01\/cropped-livebusiness_logga-2.jpg\"><img loading=\"lazy\" decoding=\"async\" width=\"906\" height=\"250\" src=\"http:\/\/livebusiness.se\/wp-content\/uploads\/2017\/01\/cropped-livebusiness_logga-2.jpg\" alt=\"\" class=\"wp-image-220\" style=\"width:278px;height:auto\" srcset=\"https:\/\/livebusiness.se\/wp-content\/uploads\/2017\/01\/cropped-livebusiness_logga-2.jpg 906w, https:\/\/livebusiness.se\/wp-content\/uploads\/2017\/01\/cropped-livebusiness_logga-2-300x83.jpg 300w, https:\/\/livebusiness.se\/wp-content\/uploads\/2017\/01\/cropped-livebusiness_logga-2-768x212.jpg 768w\" sizes=\"(max-width: 767px) 89vw, (max-width: 1000px) 54vw, (max-width: 1071px) 543px, 580px\" \/><\/a><\/figure>\n\n\n\n<figure class=\"wp-block-image size-large is-resized\"><a href=\"https:\/\/livebusiness.se\/wp-content\/uploads\/2024\/05\/Elmia_Logotyp_RGB_Gron-scaled.jpg\"><img loading=\"lazy\" decoding=\"async\" width=\"1024\" height=\"289\" src=\"https:\/\/livebusiness.se\/wp-content\/uploads\/2024\/05\/Elmia_Logotyp_RGB_Gron-1024x289.jpg\" alt=\"\" class=\"wp-image-237\" style=\"width:270px;height:auto\" srcset=\"https:\/\/livebusiness.se\/wp-content\/uploads\/2024\/05\/Elmia_Logotyp_RGB_Gron-1024x289.jpg 1024w, https:\/\/livebusiness.se\/wp-content\/uploads\/2024\/05\/Elmia_Logotyp_RGB_Gron-300x85.jpg 300w, https:\/\/livebusiness.se\/wp-content\/uploads\/2024\/05\/Elmia_Logotyp_RGB_Gron-768x217.jpg 768w, https:\/\/livebusiness.se\/wp-content\/uploads\/2024\/05\/Elmia_Logotyp_RGB_Gron-1536x434.jpg 1536w, https:\/\/livebusiness.se\/wp-content\/uploads\/2024\/05\/Elmia_Logotyp_RGB_Gron-2048x578.jpg 2048w\" sizes=\"(max-width: 767px) 89vw, (max-width: 1000px) 54vw, (max-width: 1071px) 543px, 580px\" \/><\/a><\/figure>\n\n\n\n<p>www.elmia.se<\/p>\n\n\n\n<!-- Google tag (gtag.js) -->\n<script async src=\"https:\/\/www.googletagmanager.com\/gtag\/js?id=G-VYE5LP7V0C\"><\/script>\n<script>\n  window.dataLayer = window.dataLayer || [];\n  function gtag(){dataLayer.push(arguments);}\n  gtag('js', new Date());\n\n  gtag('config', 'G-VYE5LP7V0C');\n<\/script>\n","protected":false},"excerpt":{"rendered":"<p>V\u00e5r aff\u00e4rsid\u00e9 \u00e4r att skapa v\u00e4rden och nya marknader med fysiska och digitala m\u00f6tesplatser Vi skapar m\u00f6jligheter f\u00f6r kunder, kunders kunder och partners att tr\u00e4ffas, skapa och bygga relationer och g\u00f6ra bra aff\u00e4rer. Fysiskt i form av m\u00e4ssor, expos och events samt digitala portaler och kanaler som knyter samman akt\u00f6rerna. V\u00e5r m\u00e5ls\u00e4ttning \u00e4r att vara &hellip; <\/p>\n<p class=\"link-more\"><a href=\"https:\/\/livebusiness.se\/\" class=\"more-link\">Forts\u00e4tt l\u00e4sa<span class=\"screen-reader-text\"> \u201dLive Business Media Group Sweden AB\u201d<\/span><\/a><\/p>\n","protected":false},"author":1,"featured_media":0,"parent":0,"menu_order":0,"comment_status":"closed","ping_status":"closed","template":"","meta":{"footnotes":""},"_links":{"self":[{"href":"https:\/\/livebusiness.se\/index.php?rest_route=\/wp\/v2\/pages\/36"}],"collection":[{"href":"https:\/\/livebusiness.se\/index.php?rest_route=\/wp\/v2\/pages"}],"about":[{"href":"https:\/\/livebusiness.se\/index.php?rest_route=\/wp\/v2\/types\/page"}],"author":[{"embeddable":true,"href":"https:\/\/livebusiness.se\/index.php?rest_route=\/wp\/v2\/users\/1"}],"replies":[{"embeddable":true,"href":"https:\/\/livebusiness.se\/index.php?rest_route=%2Fwp%2Fv2%2Fcomments&post=36"}],"version-history":[{"count":31,"href":"https:\/\/livebusiness.se\/index.php?rest_route=\/wp\/v2\/pages\/36\/revisions"}],"predecessor-version":[{"id":240,"href":"https:\/\/livebusiness.se\/index.php?rest_route=\/wp\/v2\/pages\/36\/revisions\/240"}],"wp:attachment":[{"href":"https:\/\/livebusiness.se\/index.php?rest_route=%2Fwp%2Fv2%2Fmedia&parent=36"}],"curies":[{"name":"wp","href":"https:\/\/api.w.org\/{rel}","templated":true}]}}